642. What are the prime factors of n?
2, 107
Let c(n) = 4*n + 37. Suppose 5 = 3*j - 31. List the prime factors of c(j).
5, 17
Suppose 2*n - 13 + 9 = 0. Suppose 490 = 3*h + n*h - 3*k, -5*k = 0. List the prime factors of h.
2, 7
Let a = -54 + 53. Let j(k) = 38*k**3 - 13*k**2 - 7*k + 3. Let o(s) = -25*s**3 + 9*s**2 + 5*s - 2. Let x(z) = -5*j(z) - 7*o(z). List the prime factors of x(a).
2
Suppose 5 = 3*a + 2, -5*a + 26 = r. Suppose 5*f - r = -1. Suppose -2*t + p - 40 = -f*t, 0 = t + 4*p - 27. List the prime factors of t.
19
Let u be (8 + (7 - 0) + -3)/(-1). Let f(d) = 2*d**2 + 8*d - 24. What are the prime factors of f(u)?
2, 3, 7
Let i(y) be the third derivative of y**4/6 + 5*y**3/3 - 2*y**2. Let k be i(-6). Let z = k - -20. What are the prime factors of z?
2, 3
Let z be 144/1080 - -223*2/30. Suppose -3*o + 9 = 0, -51 = -5*i + 2*i + 4*o. Let y = i - z. What are the prime factors of y?
2, 3
Let n be 21/(-2)*(-80)/15. Let z = n - 17. Suppose 4*q + 2*k - z = 53, -2*k = -4. List the prime factors of q.
2, 11
Suppose 4*b - 10*y + 12*y - 3310 = 0, 1653 = 2*b - y. List the prime factors of b.
827
Let a(g) = g**2 - 4*g - 17. Let p = -2 + 9. Let q be p*(-2 + (-3 - -6)). What are the prime factors of a(q)?
2
Let n = 348 - 59. List the prime factors of n.
17
Let o = 30 + -22. Suppose -o = 2*b, -k + 3*b = -23 + 9. What are the prime factors of k?
2
Let w(t) = -t**3 - t**2 + 40. Let j be w(0). Let i be -1*(4 + -2 + -8). Suppose i*l - j = l. List the prime factors of l.
2
Suppose -3*w + 2*d = -92, -4*w + 5*d + 86 = -w. Suppose 0 = -2*k - w + 130. What are the prime factors of k?
7
Let c = -461 - -608. What are the prime factors of c?
3, 7
Let f = 89 - -1. Suppose f = -8*g + 14*g. What are the prime factors of g?
3, 5
Suppose -u = -0 - 0. Suppose u*h = -2*h + 254. What are the prime factors of h?
127
Let q be 1199/2 - (-3)/6. Suppose 7*n - q = 4*n. Suppose -9*z = -4*z - n. What are the prime factors of z?
2, 5
What are the prime factors of 744/1*(-300)/(-450)?
2, 31
Suppose -32*u = -26618 - 966. List the prime factors of u.
2, 431
Suppose -36*x + 40*x - 2120 = 0. Suppose 0 = -b + 3*f + 106, -4*b + 2*f = b - x. List the prime factors of b.
2, 53
Let d(b) = -b**2 - 12*b - 14. Let x be d(-12). Let a be 2/x - 612/(-21). Let s = a - -2. What are the prime factors of s?
31
Let f be (-1)/(-5) - (-187)/(-85). What are the prime factors of -3 + 2 + f - -24?
3, 7
Suppose -236*n - 8226 = -254*n. What are the prime factors of n?
457
Suppose h + 14 = 4. Let a = -5 - h. What are the prime factors of 41 - (a + -3 + 1)?
2, 19
Let s be (-7 - 3) + 4 + 2. What are the prime factors of (-193 - 5)*2/s?
3, 11
Suppose 0 = 3*k + 4*k. Suppose 67 = 2*b - 5*m, 4*b + 2*m + m - 95 = k. List the prime factors of b.
2, 13
Suppose -25 = -7*b + 2*b. Suppose -2*n - n + b = o, 0 = o + 2*n - 4. Suppose -o*v = 2*m - 134, -m + v + 62 = 5. What are the prime factors of m?
2, 31
Let k(b) = 2*b**2 - 8*b + 71. What are the prime factors of k(9)?
7, 23
Let i = -998 + 1375. What are the prime factors of i?
13, 29
Let w(y) = y + 26. Let v be (-2 - 1)*1 + 6. Suppose -4*g = -2*d - 6*g - 22, -v*d - 35 = 4*g. What are the prime factors of w(d)?
17
Let m be 24*(-1)/(-3 + 2). Let h be (14/4)/((-3)/m). What are the prime factors of 10*1*h/(-8)?
5, 7
Let h(x) = x + 1. Let l be h(2). Suppose 7*j - 2*j = 9*j. Suppose j = -l*f - 11 + 44. What are the prime factors of f?
11
Let f = 2664 + -1846. What are the prime factors of f?
2, 409
Let w = 236 - 456. Let t = 420 + w. List the prime factors of t.
2, 5
Suppose 4*j - 2 = 2*j, 0 = -4*r + 5*j + 3. Suppose r*y = 6*y. Suppose u = 3*m - 8, 5*u - 40 = -m - y. List the prime factors of u.
7
Let w be (6/2)/(-4 - (-62)/14). Let r(g) be the first derivative of 3*g**2 - 11*g + 2. What are the prime factors of r(w)?
31
Suppose 18 - 15 = t. Suppose t*s - 201 = -0*s. What are the prime factors of s?
67
List the prime factors of (-5 - (4 - 246)) + -6.
3, 7, 11
Suppose 0 = 17*z - 22*z - 150. Let w = 21 - z. What are the prime factors of w?
3, 17
Let x(h) = -h**2 + 9*h - 3. Let o be x(6). Let m be (34/(-10))/((-3)/o). Let j = m + -15. List the prime factors of j.
2
Let j(a) = -a - 2. Let g be j(0). Let u = 23 - g. List the prime factors of (-2)/(-4)*2 + u.
2, 13
Suppose 10*w = 67 + 273. Suppose -2*y + 68 = -4*g, y - 5*g = w - 0. What are the prime factors of y?
2, 17
Let l(d) = -496*d + 386. List the prime factors of l(-8).
2, 7, 311
Let v(w) = -w**2 - 2*w + 7. Let i be v(-5). Let b = 8 + i. Suppose -2*z + 11 + 17 = b. What are the prime factors of z?
2, 7
Suppose -5*i + 13 = -3*p, i + i = -2*p + 2. Let q(u) = -2*u - u**2 + 2*u**3 + 2*u + 1 + i*u. What are the prime factors of q(2)?
17
Suppose -2 = 2*y, -2*f + f = -5*y - 165. Suppose 8*d + f = 13*d. List the prime factors of d.
2
Let a = 39 + -21. Suppose 28 = -5*z - 2*j, a = -4*z - 3*j - 3. List the prime factors of (3/5)/(z/(-30)).
3
Suppose -2*k = -4, 16*t - k - 3523 = 11*t. What are the prime factors of t?
3, 5, 47
Suppose -k - 4 = -1, -x + 4*k + 106 = 0. Let q = 141 - x. Let h = 72 - q. What are the prime factors of h?
5
Let h(m) = 2 - 6 + 8 - 11*m. What are the prime factors of h(-4)?
2, 3
List the prime factors of 22152/14 - (6 - 120/21).
2, 7, 113
Let v = 39 - -20. List the prime factors of v.
59
Let l(a) = -983*a - 70. What are the prime factors of l(-2)?
2, 3, 79
Let n be ((-4)/3)/((-2)/9) + -3. Let u(s) = 3*s**2 + 7*s + 2. Let y(x) = 9*x**2 + 20*x + 5. Let q(l) = -8*u(l) + 3*y(l). List the prime factors of q(n).
2, 19
Let w(b) be the first derivative of b**2/2 + 17*b + 4. Let q be w(-14). Suppose -5*l - 4*o = -20 - 32, q*l + 5*o = 26. What are the prime factors of l?
2, 3
Let c = 104 - 101. Suppose -5*r + 371 = -c*h + h, -307 = -4*r + 5*h. List the prime factors of r.
73
Let x be (-3)/((-9)/2)*(-126)/14. What are the prime factors of (2 - (-4)/x)*(-2544)/(-32)?
2, 53
Let b = -8 - -8. Suppose b = 2*y + 2*z - 130, 0 = -4*z + z + 9. List the prime factors of y.
2, 31
Let v(f) = -8*f**2 + 3*f + 10. Let p(a) = 9*a**2 - 4*a - 11. Let c(x) = -3*p(x) - 4*v(x). List the prime factors of c(-4).
73
Suppose -z - 2*z = 2*c + 13, -z - 4*c = 21. Let j be (z/(-1))/((-2)/6). Let i(u) = 7*u**2 + 2*u - 4. What are the prime factors of i(j)?
53
Let y = 4390 + -2058. List the prime factors of y.
2, 11, 53
Suppose 2*f + 3*f + 5*u + 15 = 0, -3*f = -3*u + 15. List the prime factors of (-2)/f*(28 + 304).
2, 83
Let v(g) = g**2 - 4*g + 4. Let c be v(6). Let b be ((-3)/(-2))/(6/c). Suppose -91 = -4*p + s, -3*p = s + b*s - 97. List the prime factors of p.
2, 3
Let w(u) = -1619*u - 249. List the prime factors of w(-2).
7, 61
What are the prime factors of -4*35/(-168) - (-24470)/12?
2, 3, 5, 17
Let d = 204 - -2185. List the prime factors of d.
2389
Suppose 2*f = -2*f - o - 8, o = 2*f + 4. Let x be f/1*(-6)/4. Suppose 0*u - 14 = -3*u - c, x*u + 16 = 5*c. What are the prime factors of u?
3
Let v(l) = -4*l**3 - 21*l**2 - 23*l - 106. What are the prime factors of v(-9)?
2, 7, 47
Suppose 0 = -5*z - 2*m + 21, 5*z - 29 = -5*m + 1. Suppose x = z*t + 2*t + 83, 0 = -3*t + 15. List the prime factors of x.
2, 3
Let j(r) = 13*r + 7. Suppose -4*y + 2*x = -26, 3*x = x + 2. List the prime factors of j(y).
2, 7
Let c be 6*((-4)/(-6) + 1). Suppose 17 = 4*d + 3*v, -4*d + 2*d - 2*v = -10. Suppose -k + c = 2*m, -m + d*m - 7 = -k. What are the prime factors of m?
3
Suppose -56*x = -42*x - 20608. What are the prime factors of x?
2, 23
Let h be ((-6)/(-9))/((-6)/(-1017)). Let l = -63 + h. What are the prime factors of l?
2, 5
Suppose -4*s + 0*s + 1956 = 0. What are the prime factors of s?
3, 163
Suppose 3*r = -2 - 10. Let a be ((-2)/r + -1)*-48. Suppose w + a = 79. What are the prime factors of w?
5, 11
Let v(k) = k - 7 + 2 - 1 + 3. Let y be v(5). List the prime factors of (-1000)/(-55) - y/11.
2, 3
Let z(v) = 2*v**3 + 6*v**2 - 13*v + 3. Let h = 2 + -5. Let b(c) = -5*c**3 - 11*c**2 + 27*c - 6. Let w(a) = h*b(a) - 7*z(a). List the prime factors of w(8).
13
Let u(v) = -2*v**2 - 6*v + 7. Let k be u(4). Suppose -84 = -g + 4*n - n, -2*n - 8 = 0. Let t = g + k. List the prime factors of t.
23
Suppose 6*j - 790 = 15548. What are the prime factors of j?
7, 389
Suppose -4*t + 32 = -240. Suppose d + 5*g - t = 0, 2*d + 3*g = d + 58. List the prime factors of d.
43
List the prime fact